{"id":3818,"date":"2022-01-07T08:40:32","date_gmt":"2022-01-07T08:40:32","guid":{"rendered":"https:\/\/imaxilofacial.com\/?page_id=3818"},"modified":"2022-01-07T08:42:54","modified_gmt":"2022-01-07T08:42:54","slug":"cirurgia-oral-e-maxilo-facial","status":"publish","type":"page","link":"https:\/\/imaxilofacial.com\/pt-pt\/cirurgia-oral-e-maxilo-facial\/","title":{"rendered":"Cirug\u00eda Maxilofacial"},"content":{"rendered":"<p><img loading=\"lazy\" class=\"alignnone size-full wp-image-3820\" src=\"https:\/\/imaxilofacial.com\/wp-content\/uploads\/2015\/09\/img_page.jpg\" alt=\"img_page\" width=\"987\" height=\"444\" srcset=\"https:\/\/imaxilofacial.com\/wp-content\/uploads\/2015\/09\/img_page.jpg 987w, https:\/\/imaxilofacial.com\/wp-content\/uploads\/2015\/09\/img_page-300x135.jpg 300w\" sizes=\"(max-width: 987px) 100vw, 987px\" \/><\/p>\n<p>A cirurgia maxilo-facial \u00e9 uma especialidade m\u00e9dico-cir\u00fargica dedicada ao diagn\u00f3stico e tratamento de processos com origem na boca, dentes, face e pesco\u00e7o. O per\u00edodo de forma\u00e7\u00e3o de um especialista em Cirurgia Maxilo-facial \u00e9 de 11 anos, 6 anos de Medicina e 5 anos de especializa\u00e7\u00e3o hospitalar via Mir (Internato M\u00e9dico Residente). As poss\u00edveis patologias que a Cirurgia Maxilo-facial trata podem ter diferentes origens, tais como processos tumorais que t\u00eam origem na pele da regi\u00e3o facial ou na cavidade intra-oral, traumas faciais devidos a acidentes de via\u00e7\u00e3o, cong\u00e9nitos; tais como fendas palatinas ou labiais ou processos relacionados com o envelhecimento, cirurgia da bolsa ocular, estiramento da pele facial, etc&#8230;<\/p>\n<div class=\"row\"  id=\"row-168581209\">\n\n\t<div id=\"col-2060580985\" class=\"col medium-1\/3 large-4\"  >\n\t\t\t\t<div class=\"col-inner\"  >\n\t\t\t\n\t\t\t\n<img loading=\"lazy\" class=\"alignnone size-full wp-image-98\" src=\"https:\/\/imaxilofacial.com\/wp-content\/uploads\/2015\/05\/post.jpg\" alt=\"post\" width=\"200\" height=\"200\" srcset=\"https:\/\/imaxilofacial.com\/wp-content\/uploads\/2015\/05\/post.jpg 200w, https:\/\/imaxilofacial.com\/wp-content\/uploads\/2015\/05\/post-150x150.jpg 150w\" sizes=\"(max-width: 200px) 100vw, 200px\" \/><\/p>\n\t\t<\/div>\n\t\t\t\t\t<\/div>\n\n\t\n\n\t<div id=\"col-447025264\" class=\"col medium-2\/3 large-8\"  >\n\t\t\t\t<div class=\"col-inner\"  >\n\t\t\t\n\t\t\t\n<p>A cirurgia maxilo-facial, como podemos imaginar, tem um campo de ac\u00e7\u00e3o relativamente pequeno no tratamento de processos origin\u00e1rios da cabe\u00e7a e pesco\u00e7o, mas cobre uma grande variedade de procedimentos terap\u00eauticos, desde interven\u00e7\u00f5es complexas, tais como transplantes faciais, at\u00e9 cirurgias mais simples, tais como a extrac\u00e7\u00e3o de dentes do siso.<\/p>\n<blockquote><p>Seja qual for o seu problema, a Cirurgia Maxilo-facial visa alcan\u00e7ar uma harmonia perfeita no seu rosto, tanto est\u00e9tica como funcionalmente.<\/p><\/blockquote>\n\t\t<\/div>\n\t\t\t\t\t<\/div>\n\n\t\n<\/div>\n","protected":false},"excerpt":{"rendered":"<p>A cirurgia maxilo-facial \u00e9 uma especialidade m\u00e9dico-cir\u00fargica dedicada ao diagn\u00f3stico e tratamento de processos com origem na boca, dentes, face e pesco\u00e7o. O per\u00edodo de forma\u00e7\u00e3o de um especialista em Cirurgia Maxilo-facial \u00e9 de 11 anos, 6 anos de Medicina e 5 anos de especializa\u00e7\u00e3o hospitalar via Mir (Internato M\u00e9dico Residente). As poss\u00edveis patologias que [&#8230;]\n","protected":false},"author":2,"featured_media":0,"parent":0,"menu_order":0,"comment_status":"closed","ping_status":"closed","template":"page-right-sidebar.php","meta":{"_custom_body_class":"","_custom_post_class":""},"acf":[],"yoast_head":"<!-- This site is optimized with the Yoast SEO plugin v18.4.1 - https:\/\/yoast.com\/wordpress\/plugins\/seo\/ -->\n<title>Cirug\u00eda Maxilofacial - Imaxilofacial Badajoz<\/title>\n<meta name=\"robots\" content=\"index, follow, max-snippet:-1, max-image-preview:large, max-video-preview:-1\" \/>\n<link rel=\"canonical\" href=\"https:\/\/imaxilofacial.com\/pt-pt\/cirurgia-oral-e-maxilo-facial\/\" \/>\n<meta property=\"og:locale\" content=\"pt_PT\" \/>\n<meta property=\"og:type\" content=\"article\" \/>\n<meta property=\"og:title\" content=\"Cirug\u00eda Maxilofacial - Imaxilofacial Badajoz\" \/>\n<meta property=\"og:description\" content=\"A cirurgia maxilo-facial \u00e9 uma especialidade m\u00e9dico-cir\u00fargica dedicada ao diagn\u00f3stico e tratamento de processos com origem na boca, dentes, face e pesco\u00e7o. O per\u00edodo de forma\u00e7\u00e3o de um especialista em Cirurgia Maxilo-facial \u00e9 de 11 anos, 6 anos de Medicina e 5 anos de especializa\u00e7\u00e3o hospitalar via Mir (Internato M\u00e9dico Residente). As poss\u00edveis patologias que [...]\" \/>\n<meta property=\"og:url\" content=\"https:\/\/imaxilofacial.com\/pt-pt\/cirurgia-oral-e-maxilo-facial\/\" \/>\n<meta property=\"og:site_name\" content=\"Instituto Maxilofacial Portugal\" \/>\n<meta property=\"article:publisher\" content=\"https:\/\/www.facebook.com\/Imaxilofacial-878901768819054\/\" \/>\n<meta property=\"article:modified_time\" content=\"2022-01-07T08:42:54+00:00\" \/>\n<meta property=\"og:image\" content=\"https:\/\/imaxilofacial.com\/wp-content\/uploads\/2015\/09\/img_page.jpg\" \/>\n<meta name=\"twitter:card\" content=\"summary\" \/>\n<meta name=\"twitter:site\" content=\"@BadajozSalud\" \/>\n<meta name=\"twitter:label1\" content=\"Tempo estimado de leitura\" \/>\n\t<meta name=\"twitter:data1\" content=\"1 minuto\" \/>\n<script type=\"application\/ld+json\" class=\"yoast-schema-graph\">{\"@context\":\"https:\/\/schema.org\",\"@graph\":[{\"@type\":\"WebSite\",\"@id\":\"https:\/\/imaxilofacial.com\/#website\",\"url\":\"https:\/\/imaxilofacial.com\/\",\"name\":\"Instituto Maxilofacial Portugal\",\"description\":\"Outro site WordPress\",\"potentialAction\":[{\"@type\":\"SearchAction\",\"target\":{\"@type\":\"EntryPoint\",\"urlTemplate\":\"https:\/\/imaxilofacial.com\/?s={search_term_string}\"},\"query-input\":\"required name=search_term_string\"}],\"inLanguage\":\"pt-PT\"},{\"@type\":\"ImageObject\",\"@id\":\"https:\/\/imaxilofacial.com\/pt-pt\/cirurgia-oral-e-maxilo-facial\/#primaryimage\",\"inLanguage\":\"pt-PT\",\"url\":\"https:\/\/imaxilofacial.com\/wp-content\/uploads\/2015\/09\/img_page.jpg\",\"contentUrl\":\"https:\/\/imaxilofacial.com\/wp-content\/uploads\/2015\/09\/img_page.jpg\",\"width\":987,\"height\":444},{\"@type\":\"WebPage\",\"@id\":\"https:\/\/imaxilofacial.com\/pt-pt\/cirurgia-oral-e-maxilo-facial\/#webpage\",\"url\":\"https:\/\/imaxilofacial.com\/pt-pt\/cirurgia-oral-e-maxilo-facial\/\",\"name\":\"Cirug\u00eda Maxilofacial - Imaxilofacial Badajoz\",\"isPartOf\":{\"@id\":\"https:\/\/imaxilofacial.com\/#website\"},\"primaryImageOfPage\":{\"@id\":\"https:\/\/imaxilofacial.com\/pt-pt\/cirurgia-oral-e-maxilo-facial\/#primaryimage\"},\"datePublished\":\"2022-01-07T08:40:32+00:00\",\"dateModified\":\"2022-01-07T08:42:54+00:00\",\"breadcrumb\":{\"@id\":\"https:\/\/imaxilofacial.com\/pt-pt\/cirurgia-oral-e-maxilo-facial\/#breadcrumb\"},\"inLanguage\":\"pt-PT\",\"potentialAction\":[{\"@type\":\"ReadAction\",\"target\":[\"https:\/\/imaxilofacial.com\/pt-pt\/cirurgia-oral-e-maxilo-facial\/\"]}]},{\"@type\":\"BreadcrumbList\",\"@id\":\"https:\/\/imaxilofacial.com\/pt-pt\/cirurgia-oral-e-maxilo-facial\/#breadcrumb\",\"itemListElement\":[{\"@type\":\"ListItem\",\"position\":1,\"name\":\"Instituto Maxilofacial Badajoz\",\"item\":\"https:\/\/imaxilofacial.com\/pt-pt\/\"},{\"@type\":\"ListItem\",\"position\":2,\"name\":\"Cirug\u00eda Maxilofacial\"}]}]}<\/script>\n<!-- \/ Yoast SEO plugin. -->","yoast_head_json":{"title":"Cirug\u00eda Maxilofacial - Imaxilofacial Badajoz","robots":{"index":"index","follow":"follow","max-snippet":"max-snippet:-1","max-image-preview":"max-image-preview:large","max-video-preview":"max-video-preview:-1"},"canonical":"https:\/\/imaxilofacial.com\/pt-pt\/cirurgia-oral-e-maxilo-facial\/","og_locale":"pt_PT","og_type":"article","og_title":"Cirug\u00eda Maxilofacial - Imaxilofacial Badajoz","og_description":"A cirurgia maxilo-facial \u00e9 uma especialidade m\u00e9dico-cir\u00fargica dedicada ao diagn\u00f3stico e tratamento de processos com origem na boca, dentes, face e pesco\u00e7o. O per\u00edodo de forma\u00e7\u00e3o de um especialista em Cirurgia Maxilo-facial \u00e9 de 11 anos, 6 anos de Medicina e 5 anos de especializa\u00e7\u00e3o hospitalar via Mir (Internato M\u00e9dico Residente). As poss\u00edveis patologias que [...]","og_url":"https:\/\/imaxilofacial.com\/pt-pt\/cirurgia-oral-e-maxilo-facial\/","og_site_name":"Instituto Maxilofacial Portugal","article_publisher":"https:\/\/www.facebook.com\/Imaxilofacial-878901768819054\/","article_modified_time":"2022-01-07T08:42:54+00:00","og_image":[{"url":"https:\/\/imaxilofacial.com\/wp-content\/uploads\/2015\/09\/img_page.jpg"}],"twitter_card":"summary","twitter_site":"@BadajozSalud","twitter_misc":{"Tempo estimado de leitura":"1 minuto"},"schema":{"@context":"https:\/\/schema.org","@graph":[{"@type":"WebSite","@id":"https:\/\/imaxilofacial.com\/#website","url":"https:\/\/imaxilofacial.com\/","name":"Instituto Maxilofacial Portugal","description":"Outro site WordPress","potentialAction":[{"@type":"SearchAction","target":{"@type":"EntryPoint","urlTemplate":"https:\/\/imaxilofacial.com\/?s={search_term_string}"},"query-input":"required name=search_term_string"}],"inLanguage":"pt-PT"},{"@type":"ImageObject","@id":"https:\/\/imaxilofacial.com\/pt-pt\/cirurgia-oral-e-maxilo-facial\/#primaryimage","inLanguage":"pt-PT","url":"https:\/\/imaxilofacial.com\/wp-content\/uploads\/2015\/09\/img_page.jpg","contentUrl":"https:\/\/imaxilofacial.com\/wp-content\/uploads\/2015\/09\/img_page.jpg","width":987,"height":444},{"@type":"WebPage","@id":"https:\/\/imaxilofacial.com\/pt-pt\/cirurgia-oral-e-maxilo-facial\/#webpage","url":"https:\/\/imaxilofacial.com\/pt-pt\/cirurgia-oral-e-maxilo-facial\/","name":"Cirug\u00eda Maxilofacial - Imaxilofacial Badajoz","isPartOf":{"@id":"https:\/\/imaxilofacial.com\/#website"},"primaryImageOfPage":{"@id":"https:\/\/imaxilofacial.com\/pt-pt\/cirurgia-oral-e-maxilo-facial\/#primaryimage"},"datePublished":"2022-01-07T08:40:32+00:00","dateModified":"2022-01-07T08:42:54+00:00","breadcrumb":{"@id":"https:\/\/imaxilofacial.com\/pt-pt\/cirurgia-oral-e-maxilo-facial\/#breadcrumb"},"inLanguage":"pt-PT","potentialAction":[{"@type":"ReadAction","target":["https:\/\/imaxilofacial.com\/pt-pt\/cirurgia-oral-e-maxilo-facial\/"]}]},{"@type":"BreadcrumbList","@id":"https:\/\/imaxilofacial.com\/pt-pt\/cirurgia-oral-e-maxilo-facial\/#breadcrumb","itemListElement":[{"@type":"ListItem","position":1,"name":"Instituto Maxilofacial Badajoz","item":"https:\/\/imaxilofacial.com\/pt-pt\/"},{"@type":"ListItem","position":2,"name":"Cirug\u00eda Maxilofacial"}]}]}},"_links":{"self":[{"href":"https:\/\/imaxilofacial.com\/pt-pt\/wp-json\/wp\/v2\/pages\/3818"}],"collection":[{"href":"https:\/\/imaxilofacial.com\/pt-pt\/wp-json\/wp\/v2\/pages"}],"about":[{"href":"https:\/\/imaxilofacial.com\/pt-pt\/wp-json\/wp\/v2\/types\/page"}],"author":[{"embeddable":true,"href":"https:\/\/imaxilofacial.com\/pt-pt\/wp-json\/wp\/v2\/users\/2"}],"replies":[{"embeddable":true,"href":"https:\/\/imaxilofacial.com\/pt-pt\/wp-json\/wp\/v2\/comments?post=3818"}],"version-history":[{"count":4,"href":"https:\/\/imaxilofacial.com\/pt-pt\/wp-json\/wp\/v2\/pages\/3818\/revisions"}],"predecessor-version":[{"id":3823,"href":"https:\/\/imaxilofacial.com\/pt-pt\/wp-json\/wp\/v2\/pages\/3818\/revisions\/3823"}],"wp:attachment":[{"href":"https:\/\/imaxilofacial.com\/pt-pt\/wp-json\/wp\/v2\/media?parent=3818"}],"curies":[{"name":"wp","href":"https:\/\/api.w.org\/{rel}","templated":true}]}}

Cirugía Maxilofacial

<p><img loading="lazy" class="alignnone size-full wp-image-3820" src="https://imaxilofacial.com/wp-content/uploads/2015/09/img_page.jpg" alt="img_page" width="987" height="444" srcset="https://imaxilofacial.com/wp-content/uploads/2015/09/img_page.jpg 987w, https://imaxilofacial.com/wp-content/uploads/2015/09/img_page-300x135.jpg 300w" sizes="(max-width: 987px) 100vw, 987px" /></p>
<p>A cirurgia maxilo-facial é uma especialidade médico-cirúrgica dedicada ao diagnóstico e tratamento de processos com origem na boca, dentes, face e pescoço. O período de formação de um especialista em Cirurgia Maxilo-facial é de 11 anos, 6 anos de Medicina e 5 anos de especialização hospitalar via Mir (Internato Médico Residente). As possíveis patologias que a Cirurgia Maxilo-facial trata podem ter diferentes origens, tais como processos tumorais que têm origem na pele da região facial ou na cavidade intra-oral, traumas faciais devidos a acidentes de viação, congénitos; tais como fendas palatinas ou labiais ou processos relacionados com o envelhecimento, cirurgia da bolsa ocular, estiramento da pele facial, etc&#8230;</p>
<div class="row"  id="row-168581209">

	<div id="col-2060580985" class="col medium-1/3 large-4"  >
				<div class="col-inner"  >
			
			
<img loading="lazy" class="alignnone size-full wp-image-98" src="https://imaxilofacial.com/wp-content/uploads/2015/05/post.jpg" alt="post" width="200" height="200" srcset="https://imaxilofacial.com/wp-content/uploads/2015/05/post.jpg 200w, https://imaxilofacial.com/wp-content/uploads/2015/05/post-150x150.jpg 150w" sizes="(max-width: 200px) 100vw, 200px" /></p>
		</div>
					</div>

	

	<div id="col-447025264" class="col medium-2/3 large-8"  >
				<div class="col-inner"  >
			
			
<p>A cirurgia maxilo-facial, como podemos imaginar, tem um campo de acção relativamente pequeno no tratamento de processos originários da cabeça e pescoço, mas cobre uma grande variedade de procedimentos terapêuticos, desde intervenções complexas, tais como transplantes faciais, até cirurgias mais simples, tais como a extracção de dentes do siso.</p>
<blockquote><p>Seja qual for o seu problema, a Cirurgia Maxilo-facial visa alcançar uma harmonia perfeita no seu rosto, tanto estética como funcionalmente.</p></blockquote>
		</div>
					</div>

	
</div>

<p>A cirurgia maxilo-facial é uma especialidade médico-cirúrgica dedicada ao diagnóstico e tratamento de processos com origem na boca, dentes, face e pescoço. O período de formação de um especialista em Cirurgia Maxilo-facial é de 11 anos, 6 anos de Medicina e 5 anos de especialização hospitalar via Mir (Internato Médico Residente). As possíveis patologias que [&#8230;]

<!-- This site is optimized with the Yoast SEO plugin v18.4.1 - https://yoast.com/wordpress/plugins/seo/ -->
<title>Cirugía Maxilofacial - Imaxilofacial Badajoz</title>
<meta name="robots" content="index, follow, max-snippet:-1, max-image-preview:large, max-video-preview:-1" />
<link rel="canonical" href="https://imaxilofacial.com/pt-pt/cirurgia-oral-e-maxilo-facial/" />
<meta property="og:locale" content="pt_PT" />
<meta property="og:type" content="article" />
<meta property="og:title" content="Cirugía Maxilofacial - Imaxilofacial Badajoz" />
<meta property="og:description" content="A cirurgia maxilo-facial é uma especialidade médico-cirúrgica dedicada ao diagnóstico e tratamento de processos com origem na boca, dentes, face e pescoço. O período de formação de um especialista em Cirurgia Maxilo-facial é de 11 anos, 6 anos de Medicina e 5 anos de especialização hospitalar via Mir (Internato Médico Residente). As possíveis patologias que [...]" />
<meta property="og:url" content="https://imaxilofacial.com/pt-pt/cirurgia-oral-e-maxilo-facial/" />
<meta property="og:site_name" content="Instituto Maxilofacial Portugal" />
<meta property="article:publisher" content="https://www.facebook.com/Imaxilofacial-878901768819054/" />
<meta property="article:modified_time" content="2022-01-07T08:42:54+00:00" />
<meta property="og:image" content="https://imaxilofacial.com/wp-content/uploads/2015/09/img_page.jpg" />
<meta name="twitter:card" content="summary" />
<meta name="twitter:site" content="@BadajozSalud" />
<meta name="twitter:label1" content="Tempo estimado de leitura" />
	<meta name="twitter:data1" content="1 minuto" />
<script type="application/ld+json" class="yoast-schema-graph">{"@context":"https://schema.org","@graph":[{"@type":"WebSite","@id":"https://imaxilofacial.com/#website","url":"https://imaxilofacial.com/","name":"Instituto Maxilofacial Portugal","description":"Outro site WordPress","potentialAction":[{"@type":"SearchAction","target":{"@type":"EntryPoint","urlTemplate":"https://imaxilofacial.com/?s={search_term_string}"},"query-input":"required name=search_term_string"}],"inLanguage":"pt-PT"},{"@type":"ImageObject","@id":"https://imaxilofacial.com/pt-pt/cirurgia-oral-e-maxilo-facial/#primaryimage","inLanguage":"pt-PT","url":"https://imaxilofacial.com/wp-content/uploads/2015/09/img_page.jpg","contentUrl":"https://imaxilofacial.com/wp-content/uploads/2015/09/img_page.jpg","width":987,"height":444},{"@type":"WebPage","@id":"https://imaxilofacial.com/pt-pt/cirurgia-oral-e-maxilo-facial/#webpage","url":"https://imaxilofacial.com/pt-pt/cirurgia-oral-e-maxilo-facial/","name":"Cirugía Maxilofacial - Imaxilofacial Badajoz","isPartOf":{"@id":"https://imaxilofacial.com/#website"},"primaryImageOfPage":{"@id":"https://imaxilofacial.com/pt-pt/cirurgia-oral-e-maxilo-facial/#primaryimage"},"datePublished":"2022-01-07T08:40:32+00:00","dateModified":"2022-01-07T08:42:54+00:00","breadcrumb":{"@id":"https://imaxilofacial.com/pt-pt/cirurgia-oral-e-maxilo-facial/#breadcrumb"},"inLanguage":"pt-PT","potentialAction":[{"@type":"ReadAction","target":["https://imaxilofacial.com/pt-pt/cirurgia-oral-e-maxilo-facial/"]}]},{"@type":"BreadcrumbList","@id":"https://imaxilofacial.com/pt-pt/cirurgia-oral-e-maxilo-facial/#breadcrumb","itemListElement":[{"@type":"ListItem","position":1,"name":"Instituto Maxilofacial Badajoz","item":"https://imaxilofacial.com/pt-pt/"},{"@type":"ListItem","position":2,"name":"Cirugía Maxilofacial"}]}]}</script>
<!-- / Yoast SEO plugin. -->

Cirugía Maxilofacial - Imaxilofacial Badajoz

A cirurgia maxilo-facial é uma especialidade médico-cirúrgica dedicada ao diagnóstico e tratamento de processos com origem na boca, dentes, face e pescoço. O período de formação de um especialista em Cirurgia Maxilo-facial é de 11 anos, 6 anos de Medicina e 5 anos de especialização hospitalar via Mir (Internato Médico Residente). As possíveis patologias que [...]
